-10
Let a = 453 + -459. Let y(w) = w**3 + 2*w**3 - 5 - 4*w**3 - 6*w**2. Calculate y(a).
-5
Let a(t) be the third derivative of t**6/120 + t**5/12 - 3*t**4/8 - 4*t**3/3 + 14*t**2 - 15*t. Suppose 0 = -0*k - 5*k - 560. Let s be k/20 + (-2)/5. Give a(s).
10
Let w(c) = c**3 - 5*c**2 - 20*c + 55. Let n be w(7). Let v(f) = f**3 - 14*f**2 + 12*f + 10. What is v(n)?
-3
Let s(v) = v**2 - 10*v + 3. Suppose 2*k + 3*q - 18 = 0, -59 + 50 = -k - 2*q. Calculate s(k).
-6
Let n(v) = -2*v**3 - v**2. Suppose 14*p = 16 + 26. Let q(b) = -b**3 - 3*b**2 - 4*b - 2. Let s be q(-2). Let k = p - s. Give n(k).
-3
Let s(r) = r**3 - 4*r**2 + r. Suppose -3 = 3*a + 9. Let t be (a - -6 - 1)/(2/6). Give s(t).
-6
Suppose -7*m - 24 = 5*m. Let r(n) = -3*n**3 - 2*n**2 + 1. What is r(m)?
17
Let v be 16*((-35)/(-14) + -2). Let y(c) = c - 9. Calculate y(v).
-1
Suppose 9 = 4*r - 15. Let o be 0 + 2 + 6 + -5. Let v(b) = -4 - 3*b**o + 16*b**2 + 2*b**3 - 9*b**2 - 6*b. Calculate v(r).
-4
Let m = -3 + 0. Let t(q) be the third derivative of -5*q**2 - 1/2*q**3 - 1/60*q**5 + 0*q - 1/24*q**4 + 0. Determine t(m).
-9
Suppose 3*t = 2*t + 5*q - 24, 4*q + 4 = -5*t. Let n(o) = -9 - 155*o - 162*o + 14 + 319*o. What is n(t)?
-3
Let n(h) = h**3 - 5*h**2 - 3. Let z(m) = m**3 - 4*m**2 + m - 25. Let y be z(5). Give n(y).
-3
Let o(h) be the first derivative of -1/20*h**5 - 4*h**2 + 0*h**3 + 0*h + 1/12*h**4 - 8. Let j(y) be the second derivative of o(y). Determine j(2).
-8
Let o(a) = 2*a**2 - a + 2. Suppose -4*t - 2*t + 18 = 0. Suppose 17 = s + t*y, -s - 21 = s - 5*y. Determine o(s).
8
Let z(g) be the first derivative of -g**4/4 + 7*g**3/3 - 5*g**2/2 - 7*g - 14. What is z(6)?
-1
Suppose 21*x - 22*x + 6 = 0. Let p(z) = 3*z - 17. What is p(x)?
1
Let q(h) = h**3 - 9*h**2 + 9*h - 11. Let a be q(8). Let p(t) = 0 - 2 + 525*t - 526*t. Calculate p(a).
1
Let k(l) = 4*l**2 + 3*l - 4. Let j(p) = -p**2 + p + 1. Let g(w) = -5*j(w) - k(w). Suppose 3*o = -5*m + 19, 2*m + 4 = -2*m. Give g(o).
-1
Let w(y) = -y - 1. Let z be 7/1 + (-11 - 5). What is w(z)?
8
Let y(w) = w**3 + 7*w**2 + 4*w. Suppose -n = u - 4, -5*u - 7 = 2*n - 6*n. Suppose 0 = -z - 5, -2*t - 15 = 3*t - n*z. Give y(t).
12
Let n be (7 + 3/(-3))/(-1). Let i be ((-4)/n)/((-4)/(-12)). Let f(s) = i - 1 - 6 + 5*s - s**2 + 1. Calculate f(3).
2
Let d(h) = h**2 + 3*h**2 + 6*h**2. Let j = 6727 + -6726. Determine d(j).
10
Let d(p) = -2*p**3 - 3*p**2 + p - 4. Let t be 2 - (7 - (-4 + 6)). What is d(t)?
20
Let g be (-2)/((-2)/(-8)*1). Let s(t) = 8 + t**2 + 9*t + 2 - 3. Give s(g).
-1
Let l(h) be the first derivative of h**4/4 - 3*h**3 + h**2/2 - 9*h + 75. Calculate l(9).
0
Let r(k) = 2*k**2 - 3*k**3 + 0*k**2 - 2*k**2 + k**2 + 4*k**3. What is r(0)?
0
Let a(w) = 23*w**2 + 2*w. Let i be a(-1). Let b(s) = 5*s + 7*s**2 - 3 - 20*s**3 + i*s**3 + 3. Calculate b(-6).
6
Let f(n) = 2*n**3 + 9*n**2 + 7*n - 6. Let y(o) = -5*o**3 - 19*o**2 - 13*o + 11. Let i(u) = -7*f(u) - 3*y(u). Give i(7).
-12
Let o(a) = a**2 - a. Let q be (-5 - 1)*40/15. Let w(c) = -c**3 - 15*c**2 + 16*c - 2. Let h be w(q). Give o(h).
6
Let n(o) = -o**2 - 4*o - o**3 + o**3 + 0 + 12 - 14 + 4*o**3. Determine n(-1).
-3
Let z(x) = 9*x - 408 - 3*x + 436. Let q be z(-4). Let g(p) = -p**2 + 3*p + 3. What is g(q)?
-1
Let i(g) = -7*g**2 - 2*g + 3. Let c(r) = r**2 - r - 1. Let s(u) = 6*c(u) + i(u). Calculate s(-10).
-23
Let t(n) = -5*n + 3. Suppose 2*d + 5*f = -d + 79, -2*d + 2*f + 74 = 0. Let q = -12 + d. Let a be 14/q + 8/6. Give t(a).
-7
Let m(y) be the first derivative of -3*y**2 + 2*y + 1. Suppose -3*o = -3*x + 6, 2*x + 9*o + 12 = 7*o. Calculate m(x).
14
Let s = 15 - 0. Let p = s + -12. Let t(c) = 1 + 2*c**2 + 0*c - 8*c**2 + c**3 + 2*c - p*c. What is t(6)?
-5
Suppose -j = 5*q - 26, 2*q - 4*j = -7*j + 13. Let l(z) = -2*z - 5. Give l(q).
-15
Let r(f) = 5*f**2 + 4. Suppose 255 - 231 = 8*l. Calculate r(l).
49
Let q = 23 + -9. Suppose -3*u + 14 = f, -f = -3*u - u + q. Let z(j) = 5*j. What is z(f)?
10
Let h(v) = 2*v - 4. Suppose 5 = 3*x + 5*p, -4*x - 4*p + 2 = -2. Suppose 4*q - 8 = 3*q. Suppose x = 4*u - q - 4. Calculate h(u).
2
Let g(u) be the third derivative of -u**5/60 - 5*u**4/8 - 11*u**3/3 - 46*u**2. Calculate g(-13).
4
Let t = 1 - -6. Suppose 0 = -0*i - 5*i + 5, -5*i - t = -4*x. Let g(c) = c + x - 3*c - 4 + 2. Calculate g(-6).
13
Let u(x) be the first derivative of -2*x**3 - x**2/2 + x - 1. Suppose -4*q + 22 = -18. Let f be (q/(-6) - -2)*3. Calculate u(f).
-6
Let z(a) = -a**3 - 6*a**2 + a - 4. Suppose -t + 55 = 4*t. Let j = t - 8. Suppose -j*v = 3*d - 5*v + 24, -6 = 2*d + 2*v. Calculate z(d).
-10
Let n(v) = -2*v**3 - 9*v**2 - 2*v - 12. Let h(x) = 3*x**3 + 13*x**2 + 3*x + 18. Let b(g) = 5*h(g) + 8*n(g). Give b(-7).
1
Let j be (-2)/7 - 5/((-70)/32). Suppose j*k = -l + 7, -l + 0*l = 5*k - 22. Let c(r) = -r + 2. Give c(k).
-3
Suppose 2*f - 2*u + 8 = 3*u, 3*f = 4*u + 2. Suppose -f*n + 12 = 36. Let c(x) = x**3 + 5*x**2 + 6*x + 3. Determine c(n).
-5
Let f(m) = -m**2 - 7*m + 6. Let x be f(-7). Let g be (-1)/(3/x + -1). Let d(o) = 3*o**2 - 4*o**g + 0*o**2 - 5 - 6*o. What is d(-6)?
-5
Suppose l - 20 = -4*l. Suppose -3*m + 5*m - l = 0. Suppose m*b + 2 + 2 = 0. Let p(o) = 4*o + 1. Calculate p(b).
-7
Suppose 3*v = -0 + 30. Let w(p) = -10 + p**3 + v. Suppose o + 0 = 1. Give w(o).
1
Suppose -108 = -55*a + 37*a. Let n(b) = b**2 - 9*b + 9. Determine n(a).
-9
Let v(z) = z**2 - 9*z + 1. Let s(g) = 28*g - 134. Let n be s(5). What is v(n)?
-17
Let s(c) = -2*c - 3 - 7 + 11 + 0*c. Let q(z) = -2*z + 1. Let d(a) = -5*q(a) + 6*s(a). Give d(1).
-1
Suppose -p = 2*m + 15, p + 12 = 5*p. Let o be 3*(3 + 21/m). Let n(y) be the third derivative of -y**4/12 - y**3/3 - 83*y**2. Give n(o).
-6
Suppose -4*o - 1 = -5*o. Let a(m) be the second derivative of -4*m**5/5 + m**3/3 - m**2/2 + 5*m. Determine a(o).
-15
Let j = -1853 - -1854. Let v(c) = 2*c - 1. What is v(j)?
1
Let g(n) = -n**3 - 10*n**2 - 9*n - 6. Let p be g(-9). Let q(i) = 6*i**2 + 7*i + 13*i**3 - 5*i + 7 - 12*i**3. Give q(p).
-5
Let d(u) = u**2 - 8*u + 4. Let l = 164 - 162. Suppose -4*s + 2*k + l = -24, -4*k + 32 = 4*s. Give d(s).
-3
Suppose -u = 2 + 2. Let p(x) = -4*x + 2. Let c(z) = z. Let i(a) = -c(a) - p(a). Calculate i(u).
-14
Let h(s) be the second derivative of -1/12*s**4 + 0*s**2 - 50*s + 0 - 1/2*s**3. What is h(-2)?
2
Let t be (-4)/24 - (1 - 93/18). Suppose -t*q = -2*p + 34, -4*q = 5*p - 2*q - 25. Let a(w) = w - 9. Determine a(p).
-2
Let m(b) = -5*b**2 + 4*b + 3. Let o(h) = -2*h**2 - h - 1. Let p(x) = -m(x) + 2*o(x). Let u(r) = -r**2 - 7*r. Let j be u(-6). Determine p(j).
-5
Suppose -y = -0*y - 2. Let m(j) be the first derivative of -1/4*j**4 + 3/2*j**2 + 11 + 0*j**3 - j. What is m(y)?
-3
Suppose 21 = -2*u - 3. Let v be (u/(-18))/((-1)/3). Let l be (v - -1)/(1/(-1)). Let m(r) = -13*r**2 + r - 1. Determine m(l).
-13
Suppose 147*g - 142*g = 5. Let z(c) be the first derivative of -c**4/2 - c**3/3 - 1. Determine z(g).
-3
Suppose 5*l - d = 40, -2*l + 3*d + d = -16. Suppose 4*h - 8 = l*h. Let a(u) = -2 - 8*u**2 + 7*u**2 + 4. Determine a(h).
-2
Suppose r = z - 3, -5*r - 2 = -27. Let t(s) = -s**3 + 8*s**2 + s - 8. Calculate t(z).
0
Let z(m) = -7 + 0 + 0 - 3 + 233*m - 228*m. What is z(6)?
20
Let d(f) = -5*f - 1. Let x(s) = -8*s. Let k(m) = 2*d(m) - x(m). Let y be 28/(-5) + (-2)/5. What is k(y)?
10
Let x(o) = 5*o**2 - o**3 - 2*o - 2*o**2 - 5*o + 16*o**2 + 1 - 12*o**2. Calculate x(6).
-5
Let j = -6 + 16. Let t be j/4*(-24)/(-10). Let x(d) be the first derivative of d**2 - 4*d + 2. Give x(t).
8
Suppose 0 = -g + 3*g. Let j(n) = -120*n - 3*n**2 + 4*n**2 + 2 + 121*n. Determine j(g).
2
Let n(b) = 17*b**2 - 25*b - 2. Let g(m) = -3*m**2 + 3*m - 1. Let i(s) = -6*g(s) - n(s). Give i(-6).
2
Let d(m) = 4*m - 2. Let j(q) = q - 41*q**2 + 42*q**2 + 2*q + 4. Let y be j(-2). What is d(y)?
6
Let h(y) be the second derivative of -y**6/120 + y**5/60 - y**4/24 - 5*y**3/3 + 8*y**2 - 17*y. Let z(o) be the first derivative of h(o). What is z(0)?
-10
Let u(t) be the first derivative of -t**5/60 + t**4/6 + t**3/3 - 7*t**2/2 - 4. Let l(x) be the second derivative of u(x). Give l(3).
5
Let d be ((-112)/(-140))/(1/5). Let q(f) = 0*f + f - 6*f + d*f. Give q(-5).
5
Let s(k) = k**2 + 12*k + 14. Let o be s(-12). Let g(b) = 6*b + 8*b - o*b - 8 - b**2. Suppose 3*q - 3*l + 3 = 0, -2*l - 1 = -2*q - 3*l. What is g(q)?
-8
Let y(i) = 7*i**